{"id":2,"date":"2022-11-02T18:53:36","date_gmt":"2022-11-02T16:53:36","guid":{"rendered":"http:\/\/basyte.ir.mockevicius.eu\/?page_id=2"},"modified":"2022-11-02T19:26:12","modified_gmt":"2022-11-02T17:26:12","slug":"sample-page","status":"publish","type":"page","link":"https:\/\/basyte.mockevicius.eu\/","title":{"rendered":"M\u016bs\u0173 istorija"},"content":{"rendered":"\n<p>Kai 2018 met\u0173 Rugs\u0117jo m\u0117nes\u012f vienas kitam program\u0117l\u0117je \u201eTinder\u201c paspaud\u0117me \u201eTaip\u201c, tikrai nesitik\u0117jome, kad po keturi\u0173 met\u0173 i\u0161tarsime vienas kitam lemting\u0105j\u012f \u201e<strong><em>Taip<\/em><\/strong>\u201c artimiausi\u0173 \u017emoni\u0173 ir Dievo akivaizdoje.&nbsp;?<\/p>\n\n\n\n<p>Daliui teko gerokai pasistengti, kol galiausiai pavyko prisikviesti \u012f gyv\u0105 pasimatym\u0105, ta\u010diau, \u201ei\u0161 tolo\u201c buvome mat\u0119 vienas kit\u0105 ne kart\u0105 \u2013 dirbome tame pa\u010diame pastate, visada tur\u0117jome bendr\u0173 pa\u017e\u012fstam\u0173\u2026 Pirm\u0105j\u012f susitikim\u0105 atitolino ir klaidingas \u012fsp\u016bdis apie Dali\u0173 \u2013 visada susikaup\u0119s ir rimtas, Dalius nebuvo pana\u0161us \u012f t\u0105, su kuriuo lengvai mezgasi pokalbis, ta\u010diau b\u016btent jo \u017einut\u0117s visada praskaidrindavo dien\u0105 ir buvo laukiamiausias dienos \u012fvykis.&nbsp;?<\/p>\n\n\n\n<p>2018 Lapkri\u010dio 25 d. pagaliau susitikome Luki\u0161ki\u0173 aik\u0161t\u0117je, nuo tos dienos mokom\u0117s pa\u017einti, suprasti ir myl\u0117ti vienas kit\u0105, kuriame istorijas ir net sunkiausiomis akimirkomis liekame kartu.&nbsp;? <\/p>\n\n\n\n<p>?Vis dar prisimenam Daliaus \u017einut\u0119 po pirmo susitikimo, tada jis ra\u0161\u0117, kad gal\u0117\u010diau b\u016bti Odontologe, nes esu miela. Tikiuosi, kad po tiek met\u0173 Jis vis dar galvoja t\u0105 pat\u012f&#8230; ?<\/p>\n\n\n\n<p>2021 Gegu\u017e\u0117s 21 d., kai Dalius kl\u016bp\u0117damas papra\u0161\u0117 u\u017e jo tek\u0117ti, nedvejodama atsakiau: \u201eTaip!\u201c&nbsp;?<\/p>\n\n\n\n<figure class=\"wp-block-image size-large\"><img loading=\"lazy\" decoding=\"async\" width=\"1024\" height=\"928\" src=\"https:\/\/basyte.mockevicius.eu\/wp-content\/uploads\/2022\/11\/20190709_193357-1024x928.png\" alt=\"\" class=\"wp-image-167\" srcset=\"https:\/\/basyte.mockevicius.eu\/wp-content\/uploads\/2022\/11\/20190709_193357-1024x928.png 1024w, https:\/\/basyte.mockevicius.eu\/wp-content\/uploads\/2022\/11\/20190709_193357-300x272.png 300w, https:\/\/basyte.mockevicius.eu\/wp-content\/uploads\/2022\/11\/20190709_193357-768x696.png 768w, https:\/\/basyte.mockevicius.eu\/wp-content\/uploads\/2022\/11\/20190709_193357.png 1080w\" sizes=\"auto, (max-width: 706px) 89vw, (max-width: 767px) 82vw, 740px\" \/><\/figure>\n\n\n\n<p class=\"has-white-background-color has-background\"><\/p>\n\n\n\n<figure class=\"wp-block-gallery has-nested-images columns-default is-cropped wp-block-gallery-1 is-layout-flex wp-block-gallery-is-layout-flex\">\n<figure class=\"wp-block-image size-large\"><img loading=\"lazy\" decoding=\"async\" width=\"1003\" height=\"1024\" data-id=\"166\" src=\"https:\/\/basyte.mockevicius.eu\/wp-content\/uploads\/2022\/11\/20190709_193216-2-1003x1024.png\" alt=\"\" class=\"wp-image-166\" srcset=\"https:\/\/basyte.mockevicius.eu\/wp-content\/uploads\/2022\/11\/20190709_193216-2-1003x1024.png 1003w, https:\/\/basyte.mockevicius.eu\/wp-content\/uploads\/2022\/11\/20190709_193216-2-294x300.png 294w, https:\/\/basyte.mockevicius.eu\/wp-content\/uploads\/2022\/11\/20190709_193216-2-768x784.png 768w, https:\/\/basyte.mockevicius.eu\/wp-content\/uploads\/2022\/11\/20190709_193216-2.png 1080w\" sizes=\"auto, (max-width: 706px) 89vw, (max-width: 767px) 82vw, 740px\" \/><\/figure>\n<\/figure>\n\n\n\n<figure class=\"wp-block-gallery has-nested-images columns-default is-cropped wp-block-gallery-2 is-layout-flex wp-block-gallery-is-layout-flex\"><\/figure>\n","protected":false},"excerpt":{"rendered":"<p>Kai 2018 met\u0173 Rugs\u0117jo m\u0117nes\u012f vienas kitam program\u0117l\u0117je \u201eTinder\u201c paspaud\u0117me \u201eTaip\u201c, tikrai nesitik\u0117jome, kad po keturi\u0173 met\u0173 i\u0161tarsime vienas kitam lemting\u0105j\u012f \u201eTaip\u201c artimiausi\u0173 \u017emoni\u0173 ir Dievo akivaizdoje.&nbsp;? Daliui teko gerokai pasistengti, kol galiausiai pavyko prisikviesti \u012f gyv\u0105 pasimatym\u0105, ta\u010diau, \u201ei\u0161 tolo\u201c buvome mat\u0119 vienas kit\u0105 ne kart\u0105 \u2013 dirbome tame pa\u010diame pastate, visada tur\u0117jome bendr\u0173 &hellip; <\/p>\n<p class=\"link-more\"><a href=\"https:\/\/basyte.mockevicius.eu\/\" class=\"more-link\">Toliau skaityti<span class=\"screen-reader-text\"> &#8222;M\u016bs\u0173 istorija&#8221;<\/span><\/a><\/p>\n","protected":false},"author":2,"featured_media":0,"parent":0,"menu_order":0,"comment_status":"closed","ping_status":"open","template":"","meta":{"footnotes":""},"class_list":["post-2","page","type-page","status-publish","hentry"],"_links":{"self":[{"href":"https:\/\/basyte.mockevicius.eu\/index.php?rest_route=\/wp\/v2\/pages\/2","targetHints":{"allow":["GET"]}}],"collection":[{"href":"https:\/\/basyte.mockevicius.eu\/index.php?rest_route=\/wp\/v2\/pages"}],"about":[{"href":"https:\/\/basyte.mockevicius.eu\/index.php?rest_route=\/wp\/v2\/types\/page"}],"author":[{"embeddable":true,"href":"https:\/\/basyte.mockevicius.eu\/index.php?rest_route=\/wp\/v2\/users\/2"}],"replies":[{"embeddable":true,"href":"https:\/\/basyte.mockevicius.eu\/index.php?rest_route=%2Fwp%2Fv2%2Fcomments&post=2"}],"version-history":[{"count":18,"href":"https:\/\/basyte.mockevicius.eu\/index.php?rest_route=\/wp\/v2\/pages\/2\/revisions"}],"predecessor-version":[{"id":168,"href":"https:\/\/basyte.mockevicius.eu\/index.php?rest_route=\/wp\/v2\/pages\/2\/revisions\/168"}],"wp:attachment":[{"href":"https:\/\/basyte.mockevicius.eu\/index.php?rest_route=%2Fwp%2Fv2%2Fmedia&parent=2"}],"curies":[{"name":"wp","href":"https:\/\/api.w.org\/{rel}","templated":true}]}}